{"id":166,"date":"2020-04-24T09:06:32","date_gmt":"2020-04-24T09:06:32","guid":{"rendered":"https:\/\/gyermekjogiegyezmeny.hu\/?page_id=166"},"modified":"2020-04-30T11:00:30","modified_gmt":"2020-04-30T11:00:30","slug":"az-egyezmeny-tortenete","status":"publish","type":"page","link":"https:\/\/gyermekjogiegyezmeny.hu\/?page_id=166","title":{"rendered":"Az egyezm\u00e9ny t\u00f6rt\u00e9nete"},"content":{"rendered":"\n<p>A gyermekjogok fejl\u0151d\u00e9s\u00e9nek legfontosabb korszaka a 20. sz\u00e1zad volt, amikor elismert\u00e9k, hogy minden 18 \u00e9v alatti gyereket speci\u00e1lis v\u00e9delem illet meg.&nbsp;<\/p>\n\n\n\n<p>&nbsp;Az 1924-es Genfi Nyilatkozat az els\u0151 olyan dokumentum, amely a gyermekek j\u00f3l\u00e9t\u00e9t biztos\u00edt\u00f3 alapvet\u0151 jogokat tartalmazza. Az ENSZ K\u00f6zgy\u0171l\u00e9se 1948-ban elfogadta az Emberi Jogok Egyetemes Nyilatkozat\u00e1t, melynek r\u00e9sze volt n\u00e9h\u00e1ny rendelkez\u00e9s, amely a gyerekek v\u00e9delm\u00e9t hirdette.&nbsp;<\/p>\n\n\n\n<p>1959-ben az ENSZ Emberi Jogi Bizotts\u00e1ga k\u00e9sz\u00edtett egy Nyilatkozatot a Gyermek Jogair\u00f3l, ami ugyan nem b\u00edrt k\u00f6telez\u0151 er\u0151vel a tag\u00e1llamok vonatkoz\u00e1s\u00e1ban, azonban meger\u0151s\u00edtette a kor\u00e1bbi alapelveket, \u00e9s kieg\u00e9sz\u00edtette \u0151ket azzal, hogy nem csup\u00e1n jogi, hanem minden m\u00e1s eszk\u00f6zzel is biztos\u00edtani kell a gyermekek v\u00e9delm\u00e9t annak \u00e9rdek\u00e9ben, hogy eg\u00e9szs\u00e9ges k\u00f6rnyezetben fejl\u0151dhessenek, szabads\u00e1got \u00e9s m\u00e9lt\u00f3 k\u00f6r\u00fclm\u00e9nyeket biztos\u00edtva sz\u00e1mukra. A Gyermek Jogair\u00f3l Sz\u00f3l\u00f3 Nyilatkozat kimondta, hogy a jogszab\u00e1lyok megalkot\u00e1sakor mindenkor a gyermek legf\u0151bb \u00e9rdeke tartand\u00f3 szem el\u0151tt.&nbsp;<\/p>\n\n\n\n<p>A gyermeki jogok igazi \u00e1tt\u00f6r\u00e9se 1989-ben j\u00f6tt el, amikor az 1989. \u00e9vi, az ENSZ k\u00f6zgy\u0171l\u00e9se elfogadta a Gyermek Jogair\u00f3l sz\u00f3l\u00f3 Egyezm\u00e9nyt, melynek cikkei r\u00e9szletezik azokat a speci\u00e1lis jogokat,&nbsp; amelyeket minden al\u00e1\u00edr\u00f3 \u00e1llamnak biztos\u00edtania kell a gyermekek sz\u00e1m\u00e1ra.&nbsp;<\/p>\n\n\n\n<p>A Gyermekjogi Egyezm\u00e9ny a legsz\u00e9lesebb k\u00f6rben elfogadott \u00e9s t\u00e1mogatott emberi jogi egyezm\u00e9ny a vil\u00e1gon.&nbsp;<\/p>\n\n\n\n<p>Magyarorsz\u00e1g az els\u0151k k\u00f6z\u00f6tt \u00edrta al\u00e1 az Egyezm\u00e9ny K\u00f6z\u00e9p-Eur\u00f3p\u00e1ban, majd 1991-ben ratifik\u00e1lta, \u00e9s az 1991. \u00e9vi LXIV. t\u00f6rv\u00e9nnyel ki is hirdette.<\/p>\n\n\n\n<p>Al\u00e1bb let\u00f6lthet\u0151 az 5 r\u00e9szes jegyz\u00e9k, &#8222;<em>Adal\u00e9kok a Gyermekjogok t\u00f6rt\u00e9net\u00e9hez&#8221;<\/em> c\u00edmmel, amely a m\u00falt \u00e9s a k\u00f6zelm\u00falt fontos gyermekjogi kezdem\u00e9nyez\u00e9sei, t\u00f6rt\u00e9n\u00e9seit foglalja \u00f6ssze:<\/p>\n\n\n\n<div class=\"wp-block-file\"><a href=\"https:\/\/gyermekjogiegyezmeny.hu\/wp-content\/uploads\/2020\/04\/Adale\u0301kok-a-gyermeki-jogok-to\u0308rte\u0301nete\u0301hez_1..docx\">Adale\u0301kok a gyermeki jogok to\u0308rte\u0301nete\u0301hez_1.<\/a><a href=\"https:\/\/gyermekjogiegyezmeny.hu\/wp-content\/uploads\/2020\/04\/Adale\u0301kok-a-gyermeki-jogok-to\u0308rte\u0301nete\u0301hez_1..docx\" class=\"wp-block-file__button\" download>Let\u00f6lt\u00e9s<\/a><\/div>\n\n\n\n<div class=\"wp-block-file\"><a href=\"https:\/\/gyermekjogiegyezmeny.hu\/wp-content\/uploads\/2020\/04\/Adale\u0301kok-a-gyermeki-jogok-to\u0308rte\u0301nete\u0301hez_2..docx\">Adal\u00e9kok a gyermeki jogok t\u00f6rt\u00e9net\u00e9hez_2.<\/a><a href=\"https:\/\/gyermekjogiegyezmeny.hu\/wp-content\/uploads\/2020\/04\/Adale\u0301kok-a-gyermeki-jogok-to\u0308rte\u0301nete\u0301hez_2..docx\" class=\"wp-block-file__button\" download>Let\u00f6lt\u00e9s<\/a><\/div>\n\n\n\n<div class=\"wp-block-file\"><a href=\"https:\/\/gyermekjogiegyezmeny.hu\/wp-content\/uploads\/2020\/04\/Adale\u0301kok-a-gyermeki-jogok-to\u0308rte\u0301nete\u0301hez_3..docx\">Adal\u00e9kok a gyermeki jogok t\u00f6rt\u00e9net\u00e9hez_3.<\/a><a href=\"https:\/\/gyermekjogiegyezmeny.hu\/wp-content\/uploads\/2020\/04\/Adale\u0301kok-a-gyermeki-jogok-to\u0308rte\u0301nete\u0301hez_3..docx\" class=\"wp-block-file__button\" download>Let\u00f6lt\u00e9s<\/a><\/div>\n\n\n\n<div class=\"wp-block-file\"><a href=\"https:\/\/gyermekjogiegyezmeny.hu\/wp-content\/uploads\/2020\/04\/Adale\u0301kok-a-gyermeki-jogok-to\u0308rte\u0301nete\u0301hez_4..docx\">Adal\u00e9kok a gyermeki jogok t\u00f6rt\u00e9net\u00e9hez_4.<\/a><a href=\"https:\/\/gyermekjogiegyezmeny.hu\/wp-content\/uploads\/2020\/04\/Adale\u0301kok-a-gyermeki-jogok-to\u0308rte\u0301nete\u0301hez_4..docx\" class=\"wp-block-file__button\" download>Let\u00f6lt\u00e9s<\/a><\/div>\n\n\n\n<div class=\"wp-block-file\"><a href=\"https:\/\/gyermekjogiegyezmeny.hu\/wp-content\/uploads\/2020\/04\/Adale\u0301kok-a-gyermeki-jogok-to\u0308rte\u0301nete\u0301hez-5..docx\">Adal\u00e9kok a gyermeki jogok t\u00f6rt\u00e9net\u00e9hez-5.<\/a><a href=\"https:\/\/gyermekjogiegyezmeny.hu\/wp-content\/uploads\/2020\/04\/Adale\u0301kok-a-gyermeki-jogok-to\u0308rte\u0301nete\u0301hez-5..docx\" class=\"wp-block-file__button\" download>Let\u00f6lt\u00e9s<\/a><\/div>\n","protected":false},"excerpt":{"rendered":"<p>A gyermekjogok fejl\u0151d\u00e9s\u00e9nek legfontosabb korszaka a 20. sz\u00e1zad volt, amikor elismert\u00e9k, hogy minden 18 \u00e9v alatti gyereket speci\u00e1lis v\u00e9delem illet meg.&nbsp; &nbsp;Az 1924-es Genfi Nyilatkozat az els\u0151 olyan dokumentum, amely a gyermekek j\u00f3l\u00e9t\u00e9t biztos\u00edt\u00f3 alapvet\u0151 jogokat tartalmazza. Az ENSZ K\u00f6zgy\u0171l\u00e9se 1948-ban elfogadta az Emberi Jogok Egyetemes Nyilatkozat\u00e1t, melynek r\u00e9sze volt n\u00e9h\u00e1ny rendelkez\u00e9s, amely a gyerekek v\u00e9delm\u00e9t hirdette.&nbsp; 1959-ben az ENSZ Emberi Jogi Bizotts\u00e1ga k\u00e9sz\u00edtett egy Nyilatkozatot a Gyermek Jogair\u00f3l, ami ugyan nem b\u00edrt k\u00f6telez\u0151 er\u0151vel a tag\u00e1llamok vonatkoz\u00e1s\u00e1ban, azonban meger\u0151s\u00edtette a kor\u00e1bbi alapelveket, \u00e9s kieg\u00e9sz\u00edtette \u0151ket azzal, hogy nem csup\u00e1n jogi, hanem minden m\u00e1s eszk\u00f6zzel is biztos\u00edtani kell a gyermekek v\u00e9delm\u00e9t annak \u00e9rdek\u00e9ben, hogy eg\u00e9szs\u00e9ges k\u00f6rnyezetben fejl\u0151dhessenek, szabads\u00e1got \u00e9s m\u00e9lt\u00f3 k\u00f6r\u00fclm\u00e9nyeket biztos\u00edtva sz\u00e1mukra. A Gyermek Jogair\u00f3l Sz\u00f3l\u00f3 Nyilatkozat kimondta, hogy a jogszab\u00e1lyok megalkot\u00e1sakor mindenkor a gyermek legf\u0151bb \u00e9rdeke tartand\u00f3 szem el\u0151tt.&nbsp; A gyermeki jogok igazi \u00e1tt\u00f6r\u00e9se 1989-ben j\u00f6tt el, amikor az 1989. \u00e9vi, az ENSZ k\u00f6zgy\u0171l\u00e9se elfogadta a Gyermek Jogair\u00f3l sz\u00f3l\u00f3 Egyezm\u00e9nyt, melynek cikkei r\u00e9szletezik azokat a speci\u00e1lis jogokat,&nbsp; amelyeket minden al\u00e1\u00edr\u00f3 \u00e1llamnak biztos\u00edtania kell a gyermekek sz\u00e1m\u00e1ra.&nbsp; A Gyermekjogi Egyezm\u00e9ny a legsz\u00e9lesebb k\u00f6rben elfogadott \u00e9s t\u00e1mogatott emberi jogi egyezm\u00e9ny a vil\u00e1gon.&nbsp; Magyarorsz\u00e1g az els\u0151k k\u00f6z\u00f6tt \u00edrta al\u00e1 az Egyezm\u00e9ny K\u00f6z\u00e9p-Eur\u00f3p\u00e1ban, majd 1991-ben ratifik\u00e1lta, \u00e9s az 1991. \u00e9vi LXIV. t\u00f6rv\u00e9nnyel ki is hirdette. Al\u00e1bb let\u00f6lthet\u0151 az 5 r\u00e9szes jegyz\u00e9k, &#8222;Adal\u00e9kok a Gyermekjogok t\u00f6rt\u00e9net\u00e9hez&#8221; c\u00edmmel, amely a m\u00falt \u00e9s a k\u00f6zelm\u00falt fontos gyermekjogi kezdem\u00e9nyez\u00e9sei, t\u00f6rt\u00e9n\u00e9seit foglalja \u00f6ssze:<\/p>\n","protected":false},"author":2,"featured_media":0,"parent":0,"menu_order":0,"comment_status":"closed","ping_status":"closed","template":"","meta":[],"_links":{"self":[{"href":"https:\/\/gyermekjogiegyezmeny.hu\/index.php?rest_route=\/wp\/v2\/pages\/166"}],"collection":[{"href":"https:\/\/gyermekjogiegyezmeny.hu\/index.php?rest_route=\/wp\/v2\/pages"}],"about":[{"href":"https:\/\/gyermekjogiegyezmeny.hu\/index.php?rest_route=\/wp\/v2\/types\/page"}],"author":[{"embeddable":true,"href":"https:\/\/gyermekjogiegyezmeny.hu\/index.php?rest_route=\/wp\/v2\/users\/2"}],"replies":[{"embeddable":true,"href":"https:\/\/gyermekjogiegyezmeny.hu\/index.php?rest_route=%2Fwp%2Fv2%2Fcomments&post=166"}],"version-history":[{"count":5,"href":"https:\/\/gyermekjogiegyezmeny.hu\/index.php?rest_route=\/wp\/v2\/pages\/166\/revisions"}],"predecessor-version":[{"id":393,"href":"https:\/\/gyermekjogiegyezmeny.hu\/index.php?rest_route=\/wp\/v2\/pages\/166\/revisions\/393"}],"wp:attachment":[{"href":"https:\/\/gyermekjogiegyezmeny.hu\/index.php?rest_route=%2Fwp%2Fv2%2Fmedia&parent=166"}],"curies":[{"name":"wp","href":"https:\/\/api.w.org\/{rel}","templated":true}]}}