{"id":181,"date":"2020-04-24T09:30:16","date_gmt":"2020-04-24T09:30:16","guid":{"rendered":"https:\/\/gyermekjogiegyezmeny.hu\/?page_id=181"},"modified":"2025-02-12T10:09:04","modified_gmt":"2025-02-12T10:09:04","slug":"szakmai-anyagok","status":"publish","type":"page","link":"https:\/\/gyermekjogiegyezmeny.hu\/?page_id=181","title":{"rendered":"Szakmai anyagok"},"content":{"rendered":"\n<p>A Gyermekjogi Egyezm\u00e9ny egyes klasztereihez kapcsol\u00f3d\u00f3 szakmai anyagokat gy\u0171jt\u00f6tt\u00fck \u00f6ssze, abban b\u00edzva, hogy a szakemberek sz\u00e1m\u00e1ra seg\u00edts\u00e9g lesz mindennapi munk\u00e1juk sor\u00e1n.<\/p>\n\n\n\n<p>A 30 \u00e9ves Gyermekjogi Egyezm\u00e9ny tisztelet\u00e9re az Alapvet\u00f5 Jogok Biztos\u00e1nak Hivatala 2019-ben publik\u00e1lta kiadv\u00e1ny\u00e1t, mely hi\u00e1nyp\u00f3tl\u00f3 k\u00f6tet az Egyezm\u00e9ny egyes cikkeihez kapcsolt szakmai anyagokkkal.<\/p>\n\n\n\n<div class=\"wp-block-file\"><a id=\"wp-block-file--media-00430b2b-96ad-4ae7-a840-e150c3fd70b6\" href=\"https:\/\/gyermekjogiegyezmeny.hu\/wp-content\/uploads\/2020\/05\/Harminc-30-Jubileumi-ombudsman-ko\u0308tet-a-Gyermekjogi-Egyezme\u0301ny-tisztelete\u0301re.pdf\">Harminc\/30 Jubileumi ombudsman- k\u00f6tet a Gyermekjogi Egyezm\u00e9ny tisztelet\u00e9re<\/a><a href=\"https:\/\/gyermekjogiegyezmeny.hu\/wp-content\/uploads\/2020\/05\/Harminc-30-Jubileumi-ombudsman-ko\u0308tet-a-Gyermekjogi-Egyezme\u0301ny-tisztelete\u0301re.pdf\" class=\"wp-block-file__button wp-element-button\" download aria-describedby=\"wp-block-file--media-00430b2b-96ad-4ae7-a840-e150c3fd70b6\">Let\u00f6lt\u00e9s<\/a><\/div>\n\n\n\n<p>A Hintalovon Alap\u00edtv\u00e1ny 2016 \u00f3ta minden \u00e9vben \u00e1tfog\u00f3 vizsg\u00e1latot ad ki azokr\u00f3l a gyermekjogi esem\u00e9nyekr\u0151l, amelyek k\u00e9pet adnak a jogszab\u00e1lyi v\u00e1ltoz\u00e1sokr\u00f3l, a statisztik\u00e1kr\u00f3l, a gyermekjogok \u00e9rv\u00e9nyes\u00fcl\u00e9s\u00e9r\u0151l \u00e9s nem utols\u00f3sorban arr\u00f3l, hogy milyen gyermekjogi t\u00e9m\u00e1k uralt\u00e1k a k\u00f6zbesz\u00e9det&nbsp;\u2013 azaz&nbsp;hogyan gondolkodunk mi, feln\u0151ttek a gyerekekr\u0151l.<\/p>\n\n\n\n<div class=\"wp-block-file\"><a id=\"wp-block-file--media-a23b2e60-efcb-4aad-af33-12cb4e320490\" href=\"https:\/\/gyermekjogiegyezmeny.hu\/wp-content\/uploads\/2020\/04\/gyermekjogi_jelentes_2016.pdf\">Gyermekjogi jelent\u00e9s_2016<\/a><a href=\"https:\/\/gyermekjogiegyezmeny.hu\/wp-content\/uploads\/2020\/04\/gyermekjogi_jelentes_2016.pdf\" class=\"wp-block-file__button wp-element-button\" download aria-describedby=\"wp-block-file--media-a23b2e60-efcb-4aad-af33-12cb4e320490\">Let\u00f6lt\u00e9s<\/a><\/div>\n\n\n\n<div class=\"wp-block-file\"><a id=\"wp-block-file--media-53df095c-cc92-4985-aeb8-371c1aa3b26c\" href=\"https:\/\/gyermekjogiegyezmeny.hu\/wp-content\/uploads\/2020\/04\/hintalovon-jelentes-2017final.pdf\">Gyermekjogi jelent\u00e9s_2017<\/a><a href=\"https:\/\/gyermekjogiegyezmeny.hu\/wp-content\/uploads\/2020\/04\/hintalovon-jelentes-2017final.pdf\" class=\"wp-block-file__button wp-element-button\" download aria-describedby=\"wp-block-file--media-53df095c-cc92-4985-aeb8-371c1aa3b26c\">Let\u00f6lt\u00e9s<\/a><\/div>\n\n\n\n<p>Gyermekjogi Jelent\u00e9s 2018-2023 megismerhet\u0151 <a href=\"https:\/\/hintalovon.hu\/gyermekjogi-jelentesek\/\">itt<\/a>. <\/p>\n\n\n\n<p><strong>Egy\u00e9b szakmai anyagok, az egyezm\u00e9ny eg\u00e9sz\u00e9vel \u00f6sszef\u00fcgg\u00e9sben:<\/strong><\/p>\n\n\n\n<div class=\"wp-block-file\"><a id=\"wp-block-file--media-75a161c8-b0ca-43a2-8132-7356fb7c21cc\" href=\"https:\/\/gyermekjogiegyezmeny.hu\/wp-content\/uploads\/2020\/04\/legfo\u030bbb-e\u0301rdek-koncepcio\u0301-1.pdf\">Legf\u0151bb \u00e9rdek koncepci\u00f3 magyar\u00e1zata<\/a><a href=\"https:\/\/gyermekjogiegyezmeny.hu\/wp-content\/uploads\/2020\/04\/legfo\u030bbb-e\u0301rdek-koncepcio\u0301-1.pdf\" class=\"wp-block-file__button wp-element-button\" download aria-describedby=\"wp-block-file--media-75a161c8-b0ca-43a2-8132-7356fb7c21cc\">Let\u00f6lt\u00e9s<\/a><\/div>\n\n\n\n<div class=\"wp-block-file\"><a id=\"wp-block-file--media-b1a00060-d573-4f3a-bfb5-c9e222b79555\" href=\"https:\/\/gyermekjogiegyezmeny.hu\/wp-content\/uploads\/2020\/04\/Handbook_rights_child_HUN.pdf\">K\u00e9zik\u00f6nyv a gyermekjogokra vonatkoz\u00f3 eur\u00f3pai jogr\u00f3l (Eur\u00f3pa Tan\u00e1cs)<strong>&nbsp;<\/strong><\/a><a href=\"https:\/\/gyermekjogiegyezmeny.hu\/wp-content\/uploads\/2020\/04\/Handbook_rights_child_HUN.pdf\" class=\"wp-block-file__button wp-element-button\" download aria-describedby=\"wp-block-file--media-b1a00060-d573-4f3a-bfb5-c9e222b79555\">Let\u00f6lt\u00e9s<\/a><\/div>\n\n\n\n<div class=\"wp-block-file\"><object class=\"wp-block-file__embed\" data=\"https:\/\/gyermekjogiegyezmeny.hu\/wp-content\/uploads\/2025\/02\/14.-sz.-kommentar-a-gyerek-legfobb-erdekerol.docx.docx.pdf\" type=\"application\/pdf\" style=\"width:100%;height:600px\" aria-label=\"14.-sz.-kommentar-a-gyerek-legfobb-erdekerol.docx.docx be\u00e1gyaz\u00e1sa\"><\/object><a id=\"wp-block-file--media-4e46ff77-58fa-478a-b176-4bdfdd11e12a\" href=\"https:\/\/gyermekjogiegyezmeny.hu\/wp-content\/uploads\/2025\/02\/14.-sz.-kommentar-a-gyerek-legfobb-erdekerol.docx.docx.pdf\">14.-sz.-kommentar-a-gyerek-legfobb-erdekerol.docx.docx<\/a><a href=\"https:\/\/gyermekjogiegyezmeny.hu\/wp-content\/uploads\/2025\/02\/14.-sz.-kommentar-a-gyerek-legfobb-erdekerol.docx.docx.pdf\" class=\"wp-block-file__button wp-element-button\" download aria-describedby=\"wp-block-file--media-4e46ff77-58fa-478a-b176-4bdfdd11e12a\">Let\u00f6lt\u00e9s<\/a><\/div>\n\n\n\n<div class=\"wp-block-file\"><a id=\"wp-block-file--media-5cab11c9-7d1a-4999-b76b-ce4ed21d453f\" href=\"https:\/\/gyermekjogiegyezmeny.hu\/wp-content\/uploads\/2020\/04\/gyerekjogi-trening-kezikonyv_FIN-1.pdf\">Gyermekjogi tr\u00e9ning k\u00e9zik\u00f6nyv &#8211; alternat\u00edv gondoskod\u00e1sban \u00e9l\u0151 gyerekekkel foglalkoz\u00f3 szakemberek sz\u00e1m\u00e1ra ( SOS Gyermekfalvak ) <\/a><a href=\"https:\/\/gyermekjogiegyezmeny.hu\/wp-content\/uploads\/2020\/04\/gyerekjogi-trening-kezikonyv_FIN-1.pdf\" class=\"wp-block-file__button wp-element-button\" download aria-describedby=\"wp-block-file--media-5cab11c9-7d1a-4999-b76b-ce4ed21d453f\">Let\u00f6lt\u00e9s<\/a><\/div>\n\n\n\n<div class=\"wp-block-file\"><a id=\"wp-block-file--media-a70f20ea-5bbb-442c-8593-2bbcd9b9ce5b\" href=\"https:\/\/gyermekjogiegyezmeny.hu\/wp-content\/uploads\/2020\/04\/Dei-poster-HU-BE_lektoralt.xlsx\">NEMZETK\u00d6ZI \u00c9S REGION\u00c1LIS SZAB\u00c1LYOK a fiatalkor\u00faakat \u00e9rint\u0151 igazs\u00e1gszolg\u00e1ltat\u00e1sr\u00f3l <\/a><a href=\"https:\/\/gyermekjogiegyezmeny.hu\/wp-content\/uploads\/2020\/04\/Dei-poster-HU-BE_lektoralt.xlsx\" class=\"wp-block-file__button wp-element-button\" download aria-describedby=\"wp-block-file--media-a70f20ea-5bbb-442c-8593-2bbcd9b9ce5b\">Let\u00f6lt\u00e9s<\/a><\/div>\n\n\n\n<div class=\"wp-block-file\"><a id=\"wp-block-file--media-3e22c998-b601-4747-ab87-5f015e83a042\" href=\"https:\/\/gyermekjogiegyezmeny.hu\/wp-content\/uploads\/2020\/04\/MONDO-jogtudatosi\u0301to\u0301-ka\u0301rtyaja\u0301te\u0301k.docx\">MONDO jogtudatosi\u0301to\u0301 ka\u0301rtyaja\u0301te\u0301k (TASZ \u00e9s Csillagh\u00e1z \u00c1ltal\u00e1nos Iskola)<\/a><a href=\"https:\/\/gyermekjogiegyezmeny.hu\/wp-content\/uploads\/2020\/04\/MONDO-jogtudatosi\u0301to\u0301-ka\u0301rtyaja\u0301te\u0301k.docx\" class=\"wp-block-file__button wp-element-button\" download aria-describedby=\"wp-block-file--media-3e22c998-b601-4747-ab87-5f015e83a042\">Let\u00f6lt\u00e9s<\/a><\/div>\n\n\n\n<div class=\"wp-block-file\"><object class=\"wp-block-file__embed\" data=\"https:\/\/gyermekjogiegyezmeny.hu\/wp-content\/uploads\/2025\/01\/A-GYERMEK-LEGFOBB-ERDEKE-A-DIGITALIS-TERBEN.docx.pdf\" type=\"application\/pdf\" style=\"width:100%;height:600px\" aria-label=\"A-GYERMEK-LEGFOBB-ERDEKE-A-DIGITALIS-TERBEN.docx be\u00e1gyaz\u00e1sa\"><\/object><a id=\"wp-block-file--media-cbea0757-9a9d-4326-b0e0-63c33bdd6bb8\" href=\"https:\/\/gyermekjogiegyezmeny.hu\/wp-content\/uploads\/2025\/01\/A-GYERMEK-LEGFOBB-ERDEKE-A-DIGITALIS-TERBEN.docx.pdf\">A-GYERMEK-LEGFOBB-ERDEKE-A-DIGITALIS-TERBEN.docx<\/a><a href=\"https:\/\/gyermekjogiegyezmeny.hu\/wp-content\/uploads\/2025\/01\/A-GYERMEK-LEGFOBB-ERDEKE-A-DIGITALIS-TERBEN.docx.pdf\" class=\"wp-block-file__button wp-element-button\" download aria-describedby=\"wp-block-file--media-cbea0757-9a9d-4326-b0e0-63c33bdd6bb8\">Let\u00f6lt\u00e9s<\/a><\/div>\n\n\n\n<div class=\"wp-block-file\"><object class=\"wp-block-file__embed\" data=\"https:\/\/gyermekjogiegyezmeny.hu\/wp-content\/uploads\/2025\/01\/OT-LEPES-A-GYERMEK-LEGFOBB-ERDEKET-SZOLGALO-DONTES-MEGHOZATALAHOZ.docx.pdf\" type=\"application\/pdf\" style=\"width:100%;height:600px\" aria-label=\"OT-LEPES-A-GYERMEK-LEGFOBB-ERDEKET-SZOLGALO-DONTES-MEGHOZATALAHOZ.docx be\u00e1gyaz\u00e1sa\"><\/object><a id=\"wp-block-file--media-83888c59-e820-4a4b-8652-1c707b52d4de\" href=\"https:\/\/gyermekjogiegyezmeny.hu\/wp-content\/uploads\/2025\/01\/OT-LEPES-A-GYERMEK-LEGFOBB-ERDEKET-SZOLGALO-DONTES-MEGHOZATALAHOZ.docx.pdf\">OT-LEPES-A-GYERMEK-LEGFOBB-ERDEKET-SZOLGALO-DONTES-MEGHOZATALAHOZ.docx<\/a><a href=\"https:\/\/gyermekjogiegyezmeny.hu\/wp-content\/uploads\/2025\/01\/OT-LEPES-A-GYERMEK-LEGFOBB-ERDEKET-SZOLGALO-DONTES-MEGHOZATALAHOZ.docx.pdf\" class=\"wp-block-file__button wp-element-button\" download aria-describedby=\"wp-block-file--media-83888c59-e820-4a4b-8652-1c707b52d4de\">Let\u00f6lt\u00e9s<\/a><\/div>\n\n\n\n<p>A Hintalovon Gyermekjogi Alap\u00edtv\u00e1ny Gyermekjogi K\u00f6zpontja rendszeresen publik\u00e1lt, <strong>anonimiz\u00e1lt esettanulm\u00e1nyai<\/strong> seg\u00edtenek a felel\u0151s feln\u0151tteknek a gyermek legf\u0151bb \u00e9rdek\u00e9re f\u00f3kusz\u00e1lni a k\u00fcl\u00f6nb\u00f6z\u0151 gyerekeket \u00e9rint\u0151 \u00fcgyekben, <a href=\"https:\/\/hintalovon.hu\/hu\/esettanulmanyaink\" target=\"_blank\" rel=\"noreferrer noopener\">melyek itt \u00e9rhet\u0151ek el.<\/a><\/p>\n","protected":false},"excerpt":{"rendered":"<p>A Gyermekjogi Egyezm\u00e9ny egyes klasztereihez kapcsol\u00f3d\u00f3 szakmai anyagokat gy\u0171jt\u00f6tt\u00fck \u00f6ssze, abban b\u00edzva, hogy a szakemberek sz\u00e1m\u00e1ra seg\u00edts\u00e9g lesz mindennapi munk\u00e1juk sor\u00e1n. A 30 \u00e9ves Gyermekjogi Egyezm\u00e9ny tisztelet\u00e9re az Alapvet\u00f5 Jogok Biztos\u00e1nak Hivatala 2019-ben publik\u00e1lta kiadv\u00e1ny\u00e1t, mely hi\u00e1nyp\u00f3tl\u00f3 k\u00f6tet az Egyezm\u00e9ny egyes cikkeihez kapcsolt szakmai anyagokkkal. A Hintalovon Alap\u00edtv\u00e1ny 2016 \u00f3ta minden \u00e9vben \u00e1tfog\u00f3 vizsg\u00e1latot ad ki azokr\u00f3l a gyermekjogi esem\u00e9nyekr\u0151l, amelyek k\u00e9pet adnak a jogszab\u00e1lyi v\u00e1ltoz\u00e1sokr\u00f3l, a statisztik\u00e1kr\u00f3l, a gyermekjogok \u00e9rv\u00e9nyes\u00fcl\u00e9s\u00e9r\u0151l \u00e9s nem utols\u00f3sorban arr\u00f3l, hogy milyen gyermekjogi t\u00e9m\u00e1k uralt\u00e1k a k\u00f6zbesz\u00e9det&nbsp;\u2013 azaz&nbsp;hogyan gondolkodunk mi, feln\u0151ttek a gyerekekr\u0151l. Gyermekjogi Jelent\u00e9s 2018-2023 megismerhet\u0151 itt. Egy\u00e9b szakmai anyagok, az egyezm\u00e9ny eg\u00e9sz\u00e9vel \u00f6sszef\u00fcgg\u00e9sben: A Hintalovon Gyermekjogi Alap\u00edtv\u00e1ny Gyermekjogi K\u00f6zpontja rendszeresen publik\u00e1lt, anonimiz\u00e1lt esettanulm\u00e1nyai seg\u00edtenek a felel\u0151s feln\u0151tteknek a gyermek legf\u0151bb \u00e9rdek\u00e9re f\u00f3kusz\u00e1lni a k\u00fcl\u00f6nb\u00f6z\u0151 gyerekeket \u00e9rint\u0151 \u00fcgyekben, melyek itt \u00e9rhet\u0151ek el.<\/p>\n","protected":false},"author":2,"featured_media":0,"parent":0,"menu_order":0,"comment_status":"closed","ping_status":"closed","template":"","meta":[],"_links":{"self":[{"href":"https:\/\/gyermekjogiegyezmeny.hu\/index.php?rest_route=\/wp\/v2\/pages\/181"}],"collection":[{"href":"https:\/\/gyermekjogiegyezmeny.hu\/index.php?rest_route=\/wp\/v2\/pages"}],"about":[{"href":"https:\/\/gyermekjogiegyezmeny.hu\/index.php?rest_route=\/wp\/v2\/types\/page"}],"author":[{"embeddable":true,"href":"https:\/\/gyermekjogiegyezmeny.hu\/index.php?rest_route=\/wp\/v2\/users\/2"}],"replies":[{"embeddable":true,"href":"https:\/\/gyermekjogiegyezmeny.hu\/index.php?rest_route=%2Fwp%2Fv2%2Fcomments&post=181"}],"version-history":[{"count":16,"href":"https:\/\/gyermekjogiegyezmeny.hu\/index.php?rest_route=\/wp\/v2\/pages\/181\/revisions"}],"predecessor-version":[{"id":462,"href":"https:\/\/gyermekjogiegyezmeny.hu\/index.php?rest_route=\/wp\/v2\/pages\/181\/revisions\/462"}],"wp:attachment":[{"href":"https:\/\/gyermekjogiegyezmeny.hu\/index.php?rest_route=%2Fwp%2Fv2%2Fmedia&parent=181"}],"curies":[{"name":"wp","href":"https:\/\/api.w.org\/{rel}","templated":true}]}}