{"id":193,"date":"2020-04-24T09:50:55","date_gmt":"2020-04-24T09:50:55","guid":{"rendered":"https:\/\/gyermekjogiegyezmeny.hu\/?page_id=193"},"modified":"2020-04-30T11:48:13","modified_gmt":"2020-04-30T11:48:13","slug":"politikai-jogok","status":"publish","type":"page","link":"https:\/\/gyermekjogiegyezmeny.hu\/?page_id=193","title":{"rendered":"Politikai jogok"},"content":{"rendered":"\n<p>A Gyerekjogi Egyezm\u00e9ny 15. cikke biztos\u00edtja a gyermekek sz\u00e1m\u00e1ra a <strong>szabad egyes\u00fcl\u00e9s<\/strong>hez \u00e9s <strong>b\u00e9k\u00e9s gy\u00fclekez\u00e9s<\/strong>hez val\u00f3 jogot. A 12. \u00e9s 13. cikkek alapj\u00e1n az \u00edt\u00e9l\u0151k\u00e9pess\u00e9ge birtok\u00e1ban l\u00e9v\u0151 gyerekeket megilleti a <strong>v\u00e9lem\u00e9nynyilv\u00e1n\u00edt\u00e1s szabads\u00e1ga <\/strong>valmint az, hogy v\u00e9lem\u00e9ny\u00e9t lehet\u0151s\u00e9g szerint figyelembe vegy\u00e9k.&nbsp; A 14. cikk \u00e9rtelm\u00e9ben a gyermekeknek joga van a <strong>gondolat-, a lelkiismeret-, \u00e9s a vall\u00e1sszabads\u00e1g<\/strong>ra. A politikai jogok k\u00f6r\u00e9ben ker\u00fcl deklar\u00e1l\u00e1sra a <strong>k\u00ednz\u00e1s-, megal\u00e1z\u00f3 \u00e9s m\u00e1s embertelen b\u00e1n\u00e1sm\u00f3d tilalma<\/strong> (9., 19., 37. \u00e9s 39. cikkek), valamint&nbsp; a <strong>szabads\u00e1gt\u00f3l val\u00f3 megfoszt\u00e1s tilalma<\/strong> (37., 11., \u00e9s 14. cikkek).<\/p>\n\n\n\n<div class=\"wp-block-file\"><a href=\"https:\/\/gyermekjogiegyezmeny.hu\/wp-content\/uploads\/2020\/04\/gyermekjogi_brosu\u0301ra-2017-pdf.pdf\">Gyermekjogi brosu\u0301ra<\/a><a href=\"https:\/\/gyermekjogiegyezmeny.hu\/wp-content\/uploads\/2020\/04\/gyermekjogi_brosu\u0301ra-2017-pdf.pdf\" class=\"wp-block-file__button\" download>Let\u00f6lt\u00e9s<\/a><\/div>\n\n\n\n<div class=\"wp-block-file\"><a href=\"https:\/\/gyermekjogiegyezmeny.hu\/wp-content\/uploads\/2020\/04\/gyermekjogi_iranyelvek_fo_pontjai_politikusoknak.pdf\">Gyermekjogi ir\u00e1nyelvek f\u0151 pontjai politikusoknak<\/a><a href=\"https:\/\/gyermekjogiegyezmeny.hu\/wp-content\/uploads\/2020\/04\/gyermekjogi_iranyelvek_fo_pontjai_politikusoknak.pdf\" class=\"wp-block-file__button\" download>Let\u00f6lt\u00e9s<\/a><\/div>\n\n\n\n<div class=\"wp-block-file\"><a href=\"https:\/\/gyermekjogiegyezmeny.hu\/wp-content\/uploads\/2020\/04\/hogyan-besze\u0301lj-a-gyerekjogokro\u0301l.pdf\">Hogyan besze\u0301lj a gyerekjogokr\u00f3l<\/a><a href=\"https:\/\/gyermekjogiegyezmeny.hu\/wp-content\/uploads\/2020\/04\/hogyan-besze\u0301lj-a-gyerekjogokro\u0301l.pdf\" class=\"wp-block-file__button\" download>Let\u00f6lt\u00e9s<\/a><\/div>\n","protected":false},"excerpt":{"rendered":"<p>A Gyerekjogi Egyezm\u00e9ny 15. cikke biztos\u00edtja a gyermekek sz\u00e1m\u00e1ra a szabad egyes\u00fcl\u00e9shez \u00e9s b\u00e9k\u00e9s gy\u00fclekez\u00e9shez val\u00f3 jogot. A 12. \u00e9s 13. cikkek alapj\u00e1n az \u00edt\u00e9l\u0151k\u00e9pess\u00e9ge birtok\u00e1ban l\u00e9v\u0151 gyerekeket megilleti a v\u00e9lem\u00e9nynyilv\u00e1n\u00edt\u00e1s szabads\u00e1ga valmint az, hogy v\u00e9lem\u00e9ny\u00e9t lehet\u0151s\u00e9g szerint figyelembe vegy\u00e9k.&nbsp; A 14. cikk \u00e9rtelm\u00e9ben a gyermekeknek joga van a gondolat-, a lelkiismeret-, \u00e9s a vall\u00e1sszabads\u00e1gra. A politikai jogok k\u00f6r\u00e9ben ker\u00fcl deklar\u00e1l\u00e1sra a k\u00ednz\u00e1s-, megal\u00e1z\u00f3 \u00e9s m\u00e1s embertelen b\u00e1n\u00e1sm\u00f3d tilalma (9., 19., 37. \u00e9s 39. cikkek), valamint&nbsp; a szabads\u00e1gt\u00f3l val\u00f3 megfoszt\u00e1s tilalma (37., 11., \u00e9s 14. cikkek).<\/p>\n","protected":false},"author":2,"featured_media":0,"parent":0,"menu_order":0,"comment_status":"closed","ping_status":"closed","template":"","meta":[],"_links":{"self":[{"href":"https:\/\/gyermekjogiegyezmeny.hu\/index.php?rest_route=\/wp\/v2\/pages\/193"}],"collection":[{"href":"https:\/\/gyermekjogiegyezmeny.hu\/index.php?rest_route=\/wp\/v2\/pages"}],"about":[{"href":"https:\/\/gyermekjogiegyezmeny.hu\/index.php?rest_route=\/wp\/v2\/types\/page"}],"author":[{"embeddable":true,"href":"https:\/\/gyermekjogiegyezmeny.hu\/index.php?rest_route=\/wp\/v2\/users\/2"}],"replies":[{"embeddable":true,"href":"https:\/\/gyermekjogiegyezmeny.hu\/index.php?rest_route=%2Fwp%2Fv2%2Fcomments&post=193"}],"version-history":[{"count":3,"href":"https:\/\/gyermekjogiegyezmeny.hu\/index.php?rest_route=\/wp\/v2\/pages\/193\/revisions"}],"predecessor-version":[{"id":395,"href":"https:\/\/gyermekjogiegyezmeny.hu\/index.php?rest_route=\/wp\/v2\/pages\/193\/revisions\/395"}],"wp:attachment":[{"href":"https:\/\/gyermekjogiegyezmeny.hu\/index.php?rest_route=%2Fwp%2Fv2%2Fmedia&parent=193"}],"curies":[{"name":"wp","href":"https:\/\/api.w.org\/{rel}","templated":true}]}}

<p>A Gyerekjogi Egyezmény 15. cikke biztosítja a gyermekek számára a <strong>szabad egyesülés</strong>hez és <strong>békés gyülekezés</strong>hez való jogot. A 12. és 13. cikkek alapján az ítélőképessége birtokában lévő gyerekeket megilleti a <strong>véleménynyilvánítás szabadsága </strong>valmint az, hogy véleményét lehetőség szerint figyelembe vegyék.&nbsp; A 14. cikk értelmében a gyermekeknek joga van a <strong>gondolat-, a lelkiismeret-, és a vallásszabadság</strong>ra. A politikai jogok körében kerül deklarálásra a <strong>kínzás-, megalázó és más embertelen bánásmód tilalma</strong> (9., 19., 37. és 39. cikkek), valamint&nbsp; a <strong>szabadságtól való megfosztás tilalma</strong> (37., 11., és 14. cikkek).</p>



<div class="wp-block-file"><a href="https://gyermekjogiegyezmeny.hu/wp-content/uploads/2020/04/gyermekjogi_brosúra-2017-pdf.pdf">Gyermekjogi brosúra</a><a href="https://gyermekjogiegyezmeny.hu/wp-content/uploads/2020/04/gyermekjogi_brosúra-2017-pdf.pdf" class="wp-block-file__button" download>Letöltés</a></div>



<div class="wp-block-file"><a href="https://gyermekjogiegyezmeny.hu/wp-content/uploads/2020/04/gyermekjogi_iranyelvek_fo_pontjai_politikusoknak.pdf">Gyermekjogi irányelvek fő pontjai politikusoknak</a><a href="https://gyermekjogiegyezmeny.hu/wp-content/uploads/2020/04/gyermekjogi_iranyelvek_fo_pontjai_politikusoknak.pdf" class="wp-block-file__button" download>Letöltés</a></div>



<div class="wp-block-file"><a href="https://gyermekjogiegyezmeny.hu/wp-content/uploads/2020/04/hogyan-beszélj-a-gyerekjogokról.pdf">Hogyan beszélj a gyerekjogokról</a><a href="https://gyermekjogiegyezmeny.hu/wp-content/uploads/2020/04/hogyan-beszélj-a-gyerekjogokról.pdf" class="wp-block-file__button" download>Letöltés</a></div>

<p>A Gyerekjogi Egyezmény 15. cikke biztosítja a gyermekek számára a szabad egyesüléshez és békés gyülekezéshez való jogot. A 12. és 13. cikkek alapján az ítélőképessége birtokában lévő gyerekeket megilleti a véleménynyilvánítás szabadsága valmint az, hogy véleményét lehetőség szerint figyelembe vegyék.&nbsp; A 14. cikk értelmében a gyermekeknek joga van a gondolat-, a lelkiismeret-, és a vallásszabadságra. A politikai jogok körében kerül deklarálásra a kínzás-, megalázó és más embertelen bánásmód tilalma (9., 19., 37. és 39. cikkek), valamint&nbsp; a szabadságtól való megfosztás tilalma (37., 11., és 14. cikkek).</p>
